89 a composite number?
False
Is 8141533253 prime?
False
Is 302575211 composite?
True
Is 288399131 prime?
False
Is 9127515037 composite?
False
Is 2799283147 prime?
True
Is 35487651811 a composite number?
True
Is 25959519151 composite?
False
Is 2715985339 prime?
True
Is 145095408443 composite?
False
Is 15851209259 a composite number?
True
Is 240039486799 prime?
False
Is 9903847 a prime number?
True
Is 266289701 prime?
True
Is 8234308889 composite?
False
Is 14316319583 composite?
False
Is 1325094973 a prime number?
True
Is 50870047593 prime?
False
Is 6721208141 prime?
False
Is 11856832321 composite?
False
Is 308428103 a composite number?
True
Is 227520383 a composite number?
True
Is 15620343029 prime?
False
Is 58887864631 prime?
False
Is 15633598963 a prime number?
True
Is 1583086763 a composite number?
False
Is 15334364971 composite?
False
Is 14196290863 a composite number?
False
Is 6402521119 a prime number?
False
Is 109772380805 a prime number?
False
Is 26517444803 a prime number?
False
Is 7465257241 prime?
False
Is 286289618 prime?
False
Is 20016962689 prime?
True
Is 1845505421 prime?
False
Is 1223167933 a composite number?
True
Is 81191538821 a prime number?
False
Is 48561241141 a composite number?
True
Is 587669237 a composite number?
False
Is 17314640309 prime?
False
Is 8454587381 a prime number?
False
Is 564119841 prime?
False
Is 17434258987 prime?
True
Is 1097487913 composite?
True
Is 3892847137 a prime number?
False
Is 19907676563 a composite number?
True
Is 192749135 a prime number?
False
Is 72624748069 composite?
False
Is 20482181737 composite?
True
Is 7188167335 a composite number?
True
Is 204121681 a composite number?
False
Is 1491750943 composite?
False
Is 87082283959 a prime number?
False
Is 4948548853 composite?
True
Is 5832479239 a prime number?
True
Is 1230344951 composite?
True
Is 214436088101 prime?
True
Is 14953029877 a composite number?
True
Is 979403111 composite?
False
Is 1301689591 prime?
False
Is 44135337341 prime?
False
Is 10129265681 composite?
False
Is 43757143213 a prime number?
False
Is 3293124763 a composite number?
False
Is 47551424057 a composite number?
True
Is 105713491 a prime number?
False
Is 86258623 a prime number?
False
Is 916016099 composite?
False
Is 2463345191 a composite number?
True
Is 297559051 a composite number?
False
Is 302808357949 composite?
False
Is 730649279 prime?
True
Is 31560383831 a composite number?
True
Is 9627787355 composite?
True
Is 64934183 a composite number?
False
Is 15816293267 a prime number?
False
Is 98430581 a prime number?
True
Is 13419509863 prime?
True
Is 7079721199 prime?
True
Is 13799579 composite?
False
Is 307355441 prime?
True
Is 218651027 composite?
True
Is 924586447 composite?
False
Is 11110433119 a composite number?
True
Is 6049235219 a composite number?
True
Is 9179041843 a composite number?
True
Is 682269067 a composite number?
True
Is 636184807 composite?
True
Is 1173354811 a composite number?
True
Is 719416727 composite?
True
Is 87634626437 composite?
True
Is 276760489 prime?
False
Is 439253777 a composite number?
False
Is 48011870747 a composite number?
True
Is 3455951531 a prime number?
False
Is 2521123387 a composite number?
True
Is 8073187093 a composite number?
False
Is 55237699199 a composite number?
False
Is 8701846267 a composite number?
False
Is 39755713289 prime?
False
Is 7797458209 a prime number?
False
Is 16581485723 composite?
True
Is 178198885751 a prime number?
True
Is 50401655807 a composite number?
False
Is 18833163509 composite?
True
Is 5598124969 a composite number?
False
Is 40449804877 a composite number?
True
Is 775638211 composite?
False
Is 102293369 composite?
True
Is 104913883 prime?
True
Is 3002067137 prime?
False
Is 152939357 composite?
False
Is 2569765109 prime?
True
Is 10752101 a prime number?
False
Is 725601941 prime?
True
Is 2211154549 a composite number?
False
Is 3897106013 a composite number?
False
Is 4444780811 composite?
True
Is 23200623903 a prime number?
False
Is 653530105 a composite number?
True
Is 37413087163 a composite number?
False
Is 19685976539 composite?
True
Is 2732843237 composite?
True
Is 1686481633 a prime number?
True
Is 892927547 prime?
True
Is 23684353559 prime?
False
Is 178471807 a composite number?
True
Is 939190699 a composite number?
False
Is 8743357499 composite?
True
Is 581169065 composite?
True
Is 2501125541 a prime number?
True
Is 1470632143 a prime number?
True
Is 51884773 a composite number?
False
Is 1576907789 a prime number?
True
Is 13522579229 prime?
False
Is 11590422749 a composite number?
True
Is 7076185027 a composite number?
False
Is 334722589 a prime number?
True
Is 30885409 a prime number?
False
Is 31883410919 prime?
False
Is 3930953885 a composite number?
True
Is 2100859447 a composite number?
True
Is 286051938599 a composite number?
True
Is 183599051653 a prime number?
True
Is 5874911921 prime?
True
Is 83425196639 composite?
True
Is 5430790801 prime?
True
Is 12859160539 a composite number?
False
Is 3855464785 composite?
True
Is 3607398341 a prime number?
True
Is 123265771 prime?
False
Is 19164674 composite?
True
Is 8392856047 a composite number?
False
Is 691989887 a composite number?
False
Is 1145623963 composite?
True
Is 2629506837 a prime number?
False
Is 390906623 a prime number?
True
Is 356979347 composite?
True
Is 13824578231 a prime number?
False
Is 32660337343 a prime number?
True
Is 16169537 a prime number?
True
Is 23424323371 prime?
False
Is 42352575509 prime?
True
Is 7151555227 prime?
True
Is 1942994699 a prime number?
True
Is 451423961 a composite number?
False
Is 31405751277 a composite number?
True
Is 385904347 composite?
True
Is 24474406427 a prime number?
False
Is 1316387103 a prime number?
False
Is 92277077 prime?
True
Is 239180649 a prime number?
False
Is 65108749 a prime number?
True
Is 1080286043 a composite number?
False
Is 97394330107 composite?
False
Is 2111014153 composite?
False
Is 3505094059 prime?
False
Is 860555845 a prime number?
False
Is 4427421437 prime?
True
Is 1371089353 prime?
False
Is 1378743971 composite?
True
Is 110556598937 prime?
True
Is 198213853 a composite number?
True
Is 7455355913 prime?
False
Is 367070357 prime?
True
Is 875364299 composite?
True
Is 8186786639 composite?
False
Is 789925687 a composite number?
True
Is 11337121829 prime?
False
Is 171849577 composite?
False
Is 19997922279 composite?
True
Is 574039211 prime?
False
Is 43216217283 a prime number?
False
Is 298077071 prime?
False
Is 6226005221 a composite number?
True
Is 67830734849 a composite number?
True
Is 15288480781 composite?
True
Is 5605034089 a prime number?
True
Is 4360328081 prime?
True
Is 31327508209 a composite number?
True
Is 742965857 prime?
True
Is 21545257999 a composite number?
True
Is 4981512811 a composite number?
True
Is 6722908817 a prime number?
True
Is 14734594439 prime?
True
Is 89624081 a composite number?
True
Is 4824922513 a composite number?
False
Is 384988726 a composite number?
True
Is 56134233319 prime?
True
Is 39116531 prime?
True
Is 796490195 composite?
True
Is 154434349 composite?
True
Is 2752211593 a composite number?
False
Is 493320523 a prime number?
False
Is 2199473623 prime?
False
Is 1269072347 composite?
True
Is 3798893459 a prime number?
False
Is 83704979543 a prime number?
False
Is 16321798666 a prime number?
False
Is 501706819 a composite number?
False
Is 2757024271 composite?
False
Is 169755793 prime?
False
Is 3496789267 prime?
True
Is 101331959447 composite?
False
Is 104335433 a prime number?
True
Is 180331573 a prime number?
True
Is 33949349659 a prime number?
False
Is 15320689991 a composite number?
False
Is 439771361 a prime number?
True
Is 2758733081 a prime number?
False
Is 2462585809 a prime number?
True
Is 2148499922 prime?
False
Is 47879815765 prime?
False
Is 578955029 prime?
False
Is 314901127 a composite number?
True
Is 155140637 composite?
False
Is 119031508841 a composite number?
True
Is 9646333997 composite?
False
Is 13799901967 a prime number?
True
Is 799958657 composite?
False
Is 2035185043 prime?
False
Is 1378641037 composite?
False
Is 105655443863 composite?
False
Is 6853963303 a composite number?
True
Is 329199967 composite?
True
Is 14493841829 composite?
True
Is 787154437 composite?
False
Is 9738541543 prime?
True
Is 23030